
In base 2, what is -11000010010110001 - -1100100?
-11000010001001101
In base 8, what is 12541 - -46514?
61255
In base 2, what is -1100011111101101001100 + -10111000?
-1100011111110000000100
In base 10, what is 11 - -48204?
48215
In base 10, what is -505973 + -236?
-506209
In base 11, what is 126a68 + 17?
126a84
In base 14, what is -45949cd + 4?
-45949c9
In base 14, what is -1c123 - 1929?
-1da4c
In base 14, what is -3 + -14036c02?
-14036c05
In base 6, what is 55104 + -111001?
-11453
In base 7, what is 5 - 4663660?
-4663652
In base 7, what is 401555645 - -5?
401555653
In base 15, what is 630996 + 6?
63099c
In base 3, what is 120212111002 + -211?
120212110021
In base 12, what is 698 + -1750?
-1074
In base 13, what is cc + 308c?
318b
In base 4, what is 21010310200310 + 0?
21010310200310
In base 10, what is 18277 + -574?
17703
In base 2, what is 10000011 + -10110100000001011111?
-10110011111111011100
In base 12, what is -4a45462 - -18?
-4a45446
In base 10, what is -12 - 4080755?
-4080767
In base 7, what is -2545146 + 4?
-2545142
In base 3, what is -1020200110112221 - 0?
-1020200110112221
In base 5, what is -20421031343 - 22?
-20421031420
In base 16, what is -1497975 - -2?
-1497973
In base 13, what is 4 + -852588?
-852584
In base 10, what is 3688295 - -79?
3688374
In base 14, what is 1aa9c5c - 4?
1aa9c58
In base 12, what is -10b6b + -18b?
-1113a
In base 10, what is -9 + 5604552?
5604543
In base 12, what is 14700b7 - 41?
1470076
In base 2, what is 110010110101001010001001010 + -11?
110010110101001010001000111
In base 4, what is 101 + -332021311313?
-332021311212
In base 4, what is -10312032132010 + 2?
-10312032132002
In base 10, what is 3 + -8889430?
-8889427
In base 11, what is -3a97 - 880?
-4867
In base 12, what is 5 + 315a930?
315a935
In base 4, what is 11 + 11301020200300?
11301020200311
In base 4, what is -101133212 - 30222?
-101230100
In base 6, what is 30231105 - 124?
30230541
In base 3, what is -120221222 + -2102122?
-200101121
In base 8, what is 2103 + -611453?
-607350
In base 5, what is -3 + 1013023020?
1013023012
In base 16, what is 2ce0a4 - 4?
2ce0a0
In base 5, what is 1442330102214 + -10?
1442330102204
In base 3, what is 220202001102 + -102002?
220201122100
In base 3, what is 22212020200022122 + 0?
22212020200022122
In base 11, what is -166 - 30047?
-30202
In base 9, what is 705 - 872553?
-871747
In base 5, what is -32223313212 - 4?
-32223313221
In base 11, what is 353936 + 38?
353973
In base 12, what is 303a - -1804?
4842
In base 14, what is 0 - -16dbb5c9?
16dbb5c9
In base 14, what is 75d - -25d0a?
26669
In base 6, what is 12403 + 13222?
30025
In base 8, what is 204134 + 31?
204165
In base 6, what is -35342305 - -231?
-35342034
In base 14, what is c879 + -17b?
c6dc
In base 11, what is 1780300a - 7?
17803003
In base 9, what is -106818 + -3734?
-111653
In base 8, what is -26525326 - 2?
-26525330
In base 16, what is -1 + 4f757?
4f756
In base 5, what is 222301033 + 4?
222301042
In base 6, what is -13234103 - 122?
-13234225
In base 3, what is -12211210200 - -201122?
-12211002001
In base 7, what is 4453 + -115?
4335
In base 11, what is -7 + 195456?
19544a
In base 14, what is -4 - 6900bcd?
-6900bd3
In base 11, what is 116 + 688739?
688854
In base 2, what is -10011001010 + -111010010010010?
-111100101011100
In base 9, what is 172763 - 168?
172584
In base 11, what is -5 + -3185753a?
-31857544
In base 14, what is a - -aad7d8a?
aad7d96
In base 13, what is -21 + -1a5159?
-1a517a
In base 9, what is 113 + 1270780?
1271003
In base 8, what is 43633015 + 40?
43633055
In base 16, what is -934aa - -15?
-93495
In base 9, what is -63182 + -1354?
-64546
In base 8, what is 316 - -56673?
57211
In base 2, what is 1001111111111010 - 1000000001?
1001110111111001
In base 5, what is -201330301 - -2?
-201330244
In base 11, what is 2a41863 - 25?
2a41839
In base 3, what is 1212201220 - -1022100?
1221001020
In base 14, what is 6871 - 1280?
55d1
In base 5, what is 424 + 123330?
124304
In base 12, what is 8 - 3b792898?
-3b792890
In base 4, what is 3220 + 212331311?
213001131
In base 5, what is -20 - -2110233004?
2110232434
In base 11, what is 2187 + -3844?
-1668
In base 8, what is 2 - 60471473?
-60471471
In base 9, what is -5 + 2425684?
2425678
In base 2, what is -100011011010110010110 + 1011100001?
-100011011001010110101
In base 10, what is 18925593 - -3?
18925596
In base 3, what is 10101 + 1002221222120?
1002222002221
In base 12, what is 13719 - -1502?
1501b
In base 9, what is -188 - 47?
-246
In base 2, what is -1001111010111010 - 101100011?
-1010000000011101
In base 10, what is -129159301 + 1?
-129159300
In base 8, what is -77504052 - -1?
-77504051
In base 15, what is 3 + -256698?
-256695
In base 15, what is 2b436 - a?
2b42b
In base 5, what is -2030013244 - 1?
-2030013300
In base 9, what is -313 + 277840?
277526
In base 13, what is 454c321b - 5?
454c3216
In base 7, what is -5 - -363563152?
363563144
In base 16, what is 61 - -c401?
c462
In base 4, what is -21 - 22130203022?
-22130203103
In base 10, what is -1921732 + 473?
-1921259
In base 2, what is -101111000001 - 1000011011011011?
-1001001010011100
In base 7, what is -1005 + 3320312?
3316304
In base 7, what is -1023210 + -651?
-1024161
In base 12, what is -6 - -a110765?
a11075b
In base 8, what is 26436 + -7106?
17330
In base 3, what is 1 + -1221001220222022?
-1221001220222021
In base 13, what is -5152077 + 0?
-5152077
In base 7, what is 4 - -1651102156?
1651102163
In base 9, what is -131576638 - 5?
-131576644
In base 16, what is -4 - b7ba339?
-b7ba33d
In base 5, what is -3301341 + -30312?
-3332203
In base 9, what is 1445 - 2024?
-468
In base 13, what is 5453a - b6?
54454
In base 5, what is 22 - 3430123124?
-3430123102
In base 15, what is -5 - 10a076?
-10a07b
In base 8, what is -5720 - -10204?
2264
In base 13, what is -142c + 289?
-1173
In base 9, what is 45 + 165341?
165386
In base 14, what is 5 + 73546b?
735472
In base 8, what is -141337 - 211?
-141550
In base 2, what is -10011 + -1000001101100100110?
-1000001101100111001
In base 7, what is 4501313 + 1166?
4502512
In base 14, what is -480b9d3 + -3?
-480b9d6
In base 5, what is -4302 + 1310024?
1300222
In base 16, what is 339cf + 7f?
33a4e
In base 7, what is 1220014 + -63?
1216621
In base 16, what is 91767 - -10?
91777
In base 2, what is -111000011 + 1001101101?
10101010
In base 9, what is 4 - -77528652?
77528656
In base 5, what is -13 + -103420041?
-103420104
In base 12, what is 2a8 - 2594?
-22a8
In base 3, what is 102112120112122 - 22?
102112120112100
In base 10, what is 8306 - 2062?
6244
In base 13, what is -17 + -664387?
-6643a1
In base 9, what is 402 - -154811?
155313
In base 14, what is -1563cb + -16?
-156403
In base 8, what is -511520 + -2576?
-514316
In base 5, what is -230 + -3001320332?
-3001321112
In base 16, what is 1c44 - 6ac8?
-4e84
In base 12, what is 1002 - 56059?
-55057
In base 8, what is 20352611 - -5?
20352616
In base 14, what is -4084076 - 3?
-4084079
In base 11, what is 1340 - -209a?
342a
In base 13, what is -584 + -528?
-aac
In base 13, what is -4 - 39bab1c?
-39bab23
In base 10, what is 2 - 21784683?
-21784681
In base 11, what is -58055511 - 5?
-58055516
In base 2, what is -11010101000010 + -10110010110000?
-110000111110010
In base 9, what is 1 + 410074871?
410074872
In base 10, what is -14086 - -345?
-13741
In base 9, what is 1128 + -68316?
-67177
In base 11, what is -4372a + 110?
-4361a
In base 10, what is 654 - 4601?
-3947
In base 9, what is 76 - 113373?
-113286
In base 8, what is 315 - 357530?
-357213
In base 10, what is 33623820 + -2?
33623818
In base 3, what is -1012021211021202 + 0?
-1012021211021202
In base 3, what is -10220120112 - 1011?
-10220121200
In base 16, what is -2 - -3978e6?
3978e4
In base 13, what is -2ca - 218c5?
-21bc2
In base 10, what is -4875498 + 4?
-4875494
In base 12, what is 366931 + -5?
366928
In base 10, what is -12219388 + 12?
-12219376
In base 9, what is -7163288 - 0?
-7163288
In base 11, what is -3a5290 - 1a?
-3a52aa
In base 9, what is -2 - 11334765?
-11334767
In base 11, what is 565 + 10555?
1100a
In base 3, what is 2111211220 + 122212002?
10011200222
In base 9, what is 245158 + 517?
245676
In base 12, what is aba37 + -985?
ab072
In base 4, what is 120111233120 + -120?
120111233000
In base 14, what is -94 - 